{"id":28,"date":"2014-05-09T10:18:53","date_gmt":"2014-05-09T08:18:53","guid":{"rendered":"http:\/\/pour-enfants.fr\/charades\/?page_id=28"},"modified":"2025-06-19T17:02:00","modified_gmt":"2025-06-19T15:02:00","slug":"jeux-et-charades-du-passe","status":"publish","type":"page","link":"https:\/\/pour-enfants.fr\/charades\/jeux-et-charades-du-passe\/","title":{"rendered":"Pourquoi ce site de jeux et charades"},"content":{"rendered":"<p>Sur Pour-enfants.fr, le site dont je suis l&#8217;auteur, vous trouverez de nombreux jeux de mots et lettres. Je cr\u00e9e moi-m\u00eame tous ces jeux, avec l&#8217;id\u00e9e de divertir petits et grands.<\/p>\n<p>Voici par exemple mes <a href=\"http:\/\/www.pour-enfants.fr\/jouer-charades\/charade-0.htm\">jeux de charades<\/a>.<\/p>\n<p>J&#8217;adore \u00e9galement d\u00e9couvrir dans les magazines et livres d&#8217;autrefois charades et autres jeux de l&#8217;esprit. C&#8217;est une mani\u00e8re bien agr\u00e9able de voyager dans le temps.<\/p>\n<p>Je souhaite ici vous faire partager mes d\u00e9couvertes.<\/p>\n<p>Claude<\/p>\n<p><a href=\"https:\/\/pour-enfants.fr\/charades\/charades-d-hiver-enfants\/\">Charades faciles<\/a><\/p>\n<p>&nbsp;<\/p>\n","protected":false},"excerpt":{"rendered":"<p>Sur Pour-enfants.fr, le site dont je suis l&#8217;auteur, vous trouverez de nombreux jeux de mots et lettres. Je cr\u00e9e moi-m\u00eame tous ces jeux, avec l&#8217;id\u00e9e de divertir petits et grands. Voici par exemple mes jeux de charades. J&#8217;adore \u00e9galement d\u00e9couvrir dans les magazines et livres d&#8217;autrefois charades et autres jeux de l&#8217;esprit. C&#8217;est une mani\u00e8re &hellip; <a href=\"https:\/\/pour-enfants.fr\/charades\/jeux-et-charades-du-passe\/\" class=\"more-link\">Continuer la lecture de <span class=\"screen-reader-text\">Pourquoi ce site de jeux et charades<\/span><\/a><\/p>\n","protected":false},"author":1,"featured_media":394,"parent":0,"menu_order":0,"comment_status":"closed","ping_status":"closed","template":"","meta":[],"yoast_head":"<!-- This site is optimized with the Yoast SEO plugin v17.9 - https:\/\/yoast.com\/wordpress\/plugins\/seo\/ -->\n<title>Pourquoi ce site de jeux et charades<\/title>\n<meta name=\"description\" content=\"Pourquoi ce site de jeux et charades ? J&#039;aime en inventer et les enfants adorent y jouer. Ils aiment \u00e9galement les jeux de mots et lettres.\" \/>\n<meta name=\"robots\" content=\"index, follow, max-snippet:-1, max-image-preview:large, max-video-preview:-1\" \/>\n<link rel=\"canonical\" href=\"https:\/\/pour-enfants.fr\/charades\/jeux-et-charades-du-passe\/\" \/>\n<meta property=\"og:locale\" content=\"fr_FR\" \/>\n<meta property=\"og:type\" content=\"article\" \/>\n<meta property=\"og:title\" content=\"Pourquoi ce site de jeux et charades\" \/>\n<meta property=\"og:description\" content=\"Pourquoi ce site de jeux et charades ? J&#039;aime en inventer et les enfants adorent y jouer. Ils aiment \u00e9galement les jeux de mots et lettres.\" \/>\n<meta property=\"og:url\" content=\"https:\/\/pour-enfants.fr\/charades\/jeux-et-charades-du-passe\/\" \/>\n<meta property=\"og:site_name\" content=\"Charades, mots cach\u00e9s, jeux, devinettes, pour enfants.\" \/>\n<meta property=\"article:modified_time\" content=\"2025-06-19T15:02:00+00:00\" \/>\n<meta property=\"og:image\" content=\"https:\/\/pour-enfants.fr\/charades\/wp-content\/uploads\/2015\/12\/charades-pour-enfants.png\" \/>\n\t<meta property=\"og:image:width\" content=\"800\" \/>\n\t<meta property=\"og:image:height\" content=\"350\" \/>\n\t<meta property=\"og:image:type\" content=\"image\/png\" \/>\n<meta name=\"twitter:card\" content=\"summary\" \/>\n<script type=\"application\/ld+json\" class=\"yoast-schema-graph\">{\"@context\":\"https:\/\/schema.org\",\"@graph\":[{\"@type\":\"WebSite\",\"@id\":\"https:\/\/pour-enfants.fr\/charades\/#website\",\"url\":\"https:\/\/pour-enfants.fr\/charades\/\",\"name\":\"Charades, mots cach\\u00e9s, jeux, devinettes, pour enfants.\",\"description\":\"Activit\\u00e9s \\u00e0 imprimer pour enfants. Maternelle et \\u00e9l\\u00e9mentaire. Cp ce1 ce2 cm1 cm2. Avec l&#039;id\\u00e9e d&#039;apprendre.\",\"potentialAction\":[{\"@type\":\"SearchAction\",\"target\":{\"@type\":\"EntryPoint\",\"urlTemplate\":\"https:\/\/pour-enfants.fr\/charades\/?s={search_term_string}\"},\"query-input\":\"required name=search_term_string\"}],\"inLanguage\":\"fr-FR\"},{\"@type\":\"ImageObject\",\"@id\":\"https:\/\/pour-enfants.fr\/charades\/jeux-et-charades-du-passe\/#primaryimage\",\"inLanguage\":\"fr-FR\",\"url\":\"https:\/\/pour-enfants.fr\/charades\/wp-content\/uploads\/2015\/12\/charades-pour-enfants.png\",\"contentUrl\":\"https:\/\/pour-enfants.fr\/charades\/wp-content\/uploads\/2015\/12\/charades-pour-enfants.png\",\"width\":800,\"height\":350,\"caption\":\"Charades pour enfants. Charades avec r\\u00e9ponses. Jeux de charades faciles pour jouer en classe.\"},{\"@type\":\"WebPage\",\"@id\":\"https:\/\/pour-enfants.fr\/charades\/jeux-et-charades-du-passe\/#webpage\",\"url\":\"https:\/\/pour-enfants.fr\/charades\/jeux-et-charades-du-passe\/\",\"name\":\"Pourquoi ce site de jeux et charades\",\"isPartOf\":{\"@id\":\"https:\/\/pour-enfants.fr\/charades\/#website\"},\"primaryImageOfPage\":{\"@id\":\"https:\/\/pour-enfants.fr\/charades\/jeux-et-charades-du-passe\/#primaryimage\"},\"datePublished\":\"2014-05-09T08:18:53+00:00\",\"dateModified\":\"2025-06-19T15:02:00+00:00\",\"description\":\"Pourquoi ce site de jeux et charades ? J'aime en inventer et les enfants adorent y jouer. Ils aiment \\u00e9galement les jeux de mots et lettres.\",\"breadcrumb\":{\"@id\":\"https:\/\/pour-enfants.fr\/charades\/jeux-et-charades-du-passe\/#breadcrumb\"},\"inLanguage\":\"fr-FR\",\"potentialAction\":[{\"@type\":\"ReadAction\",\"target\":[\"https:\/\/pour-enfants.fr\/charades\/jeux-et-charades-du-passe\/\"]}]},{\"@type\":\"BreadcrumbList\",\"@id\":\"https:\/\/pour-enfants.fr\/charades\/jeux-et-charades-du-passe\/#breadcrumb\",\"itemListElement\":[{\"@type\":\"ListItem\",\"position\":1,\"name\":\"Accueil\",\"item\":\"https:\/\/pour-enfants.fr\/charades\/\"},{\"@type\":\"ListItem\",\"position\":2,\"name\":\"Pourquoi ce site de jeux et charades\"}]}]}<\/script>\n<!-- \/ Yoast SEO plugin. -->","yoast_head_json":{"title":"Pourquoi ce site de jeux et charades","description":"Pourquoi ce site de jeux et charades ? J'aime en inventer et les enfants adorent y jouer. Ils aiment \u00e9galement les jeux de mots et lettres.","robots":{"index":"index","follow":"follow","max-snippet":"max-snippet:-1","max-image-preview":"max-image-preview:large","max-video-preview":"max-video-preview:-1"},"canonical":"https:\/\/pour-enfants.fr\/charades\/jeux-et-charades-du-passe\/","og_locale":"fr_FR","og_type":"article","og_title":"Pourquoi ce site de jeux et charades","og_description":"Pourquoi ce site de jeux et charades ? J'aime en inventer et les enfants adorent y jouer. Ils aiment \u00e9galement les jeux de mots et lettres.","og_url":"https:\/\/pour-enfants.fr\/charades\/jeux-et-charades-du-passe\/","og_site_name":"Charades, mots cach\u00e9s, jeux, devinettes, pour enfants.","article_modified_time":"2025-06-19T15:02:00+00:00","og_image":[{"width":800,"height":350,"url":"https:\/\/pour-enfants.fr\/charades\/wp-content\/uploads\/2015\/12\/charades-pour-enfants.png","type":"image\/png"}],"twitter_card":"summary","schema":{"@context":"https:\/\/schema.org","@graph":[{"@type":"WebSite","@id":"https:\/\/pour-enfants.fr\/charades\/#website","url":"https:\/\/pour-enfants.fr\/charades\/","name":"Charades, mots cach\u00e9s, jeux, devinettes, pour enfants.","description":"Activit\u00e9s \u00e0 imprimer pour enfants. Maternelle et \u00e9l\u00e9mentaire. Cp ce1 ce2 cm1 cm2. Avec l&#039;id\u00e9e d&#039;apprendre.","potentialAction":[{"@type":"SearchAction","target":{"@type":"EntryPoint","urlTemplate":"https:\/\/pour-enfants.fr\/charades\/?s={search_term_string}"},"query-input":"required name=search_term_string"}],"inLanguage":"fr-FR"},{"@type":"ImageObject","@id":"https:\/\/pour-enfants.fr\/charades\/jeux-et-charades-du-passe\/#primaryimage","inLanguage":"fr-FR","url":"https:\/\/pour-enfants.fr\/charades\/wp-content\/uploads\/2015\/12\/charades-pour-enfants.png","contentUrl":"https:\/\/pour-enfants.fr\/charades\/wp-content\/uploads\/2015\/12\/charades-pour-enfants.png","width":800,"height":350,"caption":"Charades pour enfants. Charades avec r\u00e9ponses. Jeux de charades faciles pour jouer en classe."},{"@type":"WebPage","@id":"https:\/\/pour-enfants.fr\/charades\/jeux-et-charades-du-passe\/#webpage","url":"https:\/\/pour-enfants.fr\/charades\/jeux-et-charades-du-passe\/","name":"Pourquoi ce site de jeux et charades","isPartOf":{"@id":"https:\/\/pour-enfants.fr\/charades\/#website"},"primaryImageOfPage":{"@id":"https:\/\/pour-enfants.fr\/charades\/jeux-et-charades-du-passe\/#primaryimage"},"datePublished":"2014-05-09T08:18:53+00:00","dateModified":"2025-06-19T15:02:00+00:00","description":"Pourquoi ce site de jeux et charades ? J'aime en inventer et les enfants adorent y jouer. Ils aiment \u00e9galement les jeux de mots et lettres.","breadcrumb":{"@id":"https:\/\/pour-enfants.fr\/charades\/jeux-et-charades-du-passe\/#breadcrumb"},"inLanguage":"fr-FR","potentialAction":[{"@type":"ReadAction","target":["https:\/\/pour-enfants.fr\/charades\/jeux-et-charades-du-passe\/"]}]},{"@type":"BreadcrumbList","@id":"https:\/\/pour-enfants.fr\/charades\/jeux-et-charades-du-passe\/#breadcrumb","itemListElement":[{"@type":"ListItem","position":1,"name":"Accueil","item":"https:\/\/pour-enfants.fr\/charades\/"},{"@type":"ListItem","position":2,"name":"Pourquoi ce site de jeux et charades"}]}]}},"_links":{"self":[{"href":"https:\/\/pour-enfants.fr\/charades\/wp-json\/wp\/v2\/pages\/28"}],"collection":[{"href":"https:\/\/pour-enfants.fr\/charades\/wp-json\/wp\/v2\/pages"}],"about":[{"href":"https:\/\/pour-enfants.fr\/charades\/wp-json\/wp\/v2\/types\/page"}],"author":[{"embeddable":true,"href":"https:\/\/pour-enfants.fr\/charades\/wp-json\/wp\/v2\/users\/1"}],"replies":[{"embeddable":true,"href":"https:\/\/pour-enfants.fr\/charades\/wp-json\/wp\/v2\/comments?post=28"}],"version-history":[{"count":4,"href":"https:\/\/pour-enfants.fr\/charades\/wp-json\/wp\/v2\/pages\/28\/revisions"}],"predecessor-version":[{"id":3542,"href":"https:\/\/pour-enfants.fr\/charades\/wp-json\/wp\/v2\/pages\/28\/revisions\/3542"}],"wp:featuredmedia":[{"embeddable":true,"href":"https:\/\/pour-enfants.fr\/charades\/wp-json\/wp\/v2\/media\/394"}],"wp:attachment":[{"href":"https:\/\/pour-enfants.fr\/charades\/wp-json\/wp\/v2\/media?parent=28"}],"curies":[{"name":"wp","href":"https:\/\/api.w.org\/{rel}","templated":true}]}}