{"id":3499,"date":"2025-06-18T14:23:02","date_gmt":"2025-06-18T12:23:02","guid":{"rendered":"https:\/\/pour-enfants.fr\/charades\/?page_id=3499"},"modified":"2025-06-26T13:41:14","modified_gmt":"2025-06-26T11:41:14","slug":"mots-caches","status":"publish","type":"page","link":"https:\/\/pour-enfants.fr\/charades\/mots-caches\/","title":{"rendered":"Mots cach\u00e9s"},"content":{"rendered":"<section class=\"intro\">\n<h2>Mots cach\u00e9s \u00e0 imprimer<\/h2>\n<figure id=\"attachment_1866\" aria-describedby=\"caption-attachment-1866\" style=\"width: 299px\" class=\"wp-caption aligncenter\"><a href=\"https:\/\/pour-enfants.fr\/charades\/wp-content\/uploads\/2020\/06\/mots-meles-fruits-10.png\"><img loading=\"lazy\" class=\" wp-image-1866\" src=\"https:\/\/pour-enfants.fr\/charades\/wp-content\/uploads\/2020\/06\/mots-meles-fruits-10.png\" alt=\"Mots cach\u00e9s \u00e0 imprimer pour enfants. Les fruits.\" width=\"299\" height=\"452\" \/><\/a><figcaption id=\"caption-attachment-1866\" class=\"wp-caption-text\">Mots cach\u00e9s \u00e0 imprimer &#8211; les fruits<\/figcaption><\/figure>\n<p>Bienvenue dans notre rubrique <strong>Mots cach\u00e9s<\/strong>, o\u00f9 tu trouveras des jeux gratuits et amusants pour enfants.<\/p>\n<p>D\u00e9couvre des grilles de mots \u00e0 trouver sur diff\u00e9rents th\u00e8mes&#160;: les vacances, les animaux, les fleurs, les fruits, P\u00e2ques, Halloween et bien plus encore.<\/p>\n<p>Chaque page te propose des activit\u00e9s \u00e0 imprimer, id\u00e9ales pour apprendre tout en s\u2019amusant&#160;!<\/p>\n<p><strong>Clique sur les th\u00e8mes ci-dessous pour commencer.<\/strong><\/p>\n<\/section>\n<section>\n<h2>Choisis un th\u00e8me<\/h2>\n<p><a href=\"https:\/\/pour-enfants.fr\/charades\/mots-caches\/fleurs\/\">Mots cach\u00e9s fleurs<\/a><\/p>\n<p><a href=\"https:\/\/pour-enfants.fr\/charades\/mots-caches\/vacances\/\">Mots cach\u00e9s vacances<\/a><\/p>\n<p><a href=\"https:\/\/pour-enfants.fr\/charades\/mots-caches\/animaux\/\">Mots cach\u00e9s animaux<\/a><\/p>\n<p><a href=\"https:\/\/pour-enfants.fr\/charades\/mots-caches\/ete\/\">Mots cach\u00e9s \u00e9t\u00e9<\/a><\/p>\n<p><a href=\"https:\/\/pour-enfants.fr\/charades\/mots-caches\/automne\/\">Mots cach\u00e9s automne<\/a><\/p>\n<\/section>\n<section>\n<h2>Sur mes autres sites web<\/h2>\n<p>Je cr\u00e9e des sites web pour enfants depuis 1998. J&#8217;ai donc fait partie, comme on le dit, des pionniers d&#8217;internet.\u00a0 \u00c0 cette \u00e9poque on d\u00e9couvrait le fonctionnement du web tout en publiant. De ce fait j&#8217;ai mis en ligne de nombreux jeux de mots cach\u00e9s, \u00e9parpill\u00e9s sur de nombreux sites diff\u00e9rents. Je\u00a0 r\u00e9unis ces grilles de jeux sur cette page.<\/p>\n<p><a href=\"https:\/\/www.pour-enfants.fr\/jeux-a-imprimer\/mots\/meles\/meles.htm\" target=\"_blank\" rel=\"noopener\">Mots m\u00eal\u00e9s enfants<\/a> sur <a href=\"https:\/\/www.pour-enfants.fr\/\" target=\"_blank\" rel=\"noopener\">Pour-enfants.fr<\/a><br \/>\nDes grilles \u00e0 imprimer tr\u00e8s souvent au format PDF, avec de nombreux th\u00e8mes. Visitez cette page et faites le plein de jeux gratuits \u00e0 imprimer&#160;!<\/p>\n<p><a href=\"https:\/\/www.pour-enfants.fr\/jeux-vacances\/mots-meles\/mots-meles-vacances-.htm\" target=\"_blank\" rel=\"noopener\">Mots m\u00eal\u00e9s pour les vacances<\/a> Th\u00e8mes&#160;: les vacances \u00e0 la mer, les animaux marins, la francophonie.<\/p>\n<p>J&#8217;ai oubli\u00e9 de vous dire. Je n&#8217;ai jamais v\u00e9cu de mon travail sur le net. J&#8217;\u00e9tais instituteur et j&#8217;ai compris rapidement qu&#8217;internet deviendrait important.<\/p>\n<p><a href=\"https:\/\/www.jeux-noel.pour-enfants.fr\/mots-caches\/mots-caches-5.htm\" target=\"_blank\" rel=\"noopener\">D&#8217;autres grilles format PDF<\/a> \u00a0avec pour th\u00e8mes&#160;: les mois de l&#8217;ann\u00e9e, les jouets de No\u00ebl, les d\u00e9corations de No\u00ebl, l&#8217;hiver, le p\u00e8re No\u00ebl, les vacances de No\u00ebl. Liens souvent directs sur les grilles, qui ont toutes leur solution \u00e0 imprimer. Site consacr\u00e9 \u00e0 des <a href=\"https:\/\/www.jeux-noel.pour-enfants.fr\/\" target=\"_blank\" rel=\"noopener\">jeux de No\u00ebl \u00e9ducatifs<\/a><\/p>\n<p><a href=\"https:\/\/www.pour-enfants.fr\/imprimer-jeux\/mots-meles-noel\/\" target=\"_blank\" rel=\"noopener\">6 grilles de mots cach\u00e9s de No\u00ebl<\/a> Avec la solution. Ces jeux sont destin\u00e9s aux enfants de cp ce1 ce2 cm1 cm2 (cycle 2 cycle 3).<\/p>\n<p>Une page de d\u00e9part pour <a href=\"https:\/\/www.pour-enfants.fr\/mots-caches\/animal.htm\" target=\"_blank\" rel=\"noopener\">imprimer des PDF sur les animaux<\/a>. Je ne pensais pas trop r\u00e9f\u00e9rencement \u00e0 cette \u00e9poque, mais avant tout \u00e0 cr\u00e9er du contenu de qualit\u00e9 pour les enfants. S&#8217;amuser avec l&#8217;id\u00e9e d&#8217;apprendre. Th\u00e8mes&#160;: les animaux de la ferme, les animaux sauvages, les oiseaux, les poissons.<\/p>\n<p>Revenez vite sur cette page&#160;! Bient\u00f4t de nouveaux liens pour trouver plein de jeux cach\u00e9s, m\u00e9lang\u00e9s, m\u00eal\u00e9s ou myst\u00e8res \u00e0 imprimer. Et bien s\u00fbr gratuitement.<\/p>\n<\/section>\n","protected":false},"excerpt":{"rendered":"<p>Mots cach\u00e9s \u00e0 imprimer Bienvenue dans notre rubrique Mots cach\u00e9s, o\u00f9 tu trouveras des jeux gratuits et amusants pour enfants. D\u00e9couvre des grilles de mots \u00e0 trouver sur diff\u00e9rents th\u00e8mes&#160;: les vacances, les animaux, les fleurs, les fruits, P\u00e2ques, Halloween et bien plus encore. Chaque page te propose des activit\u00e9s \u00e0 imprimer, id\u00e9ales pour apprendre &hellip; <a href=\"https:\/\/pour-enfants.fr\/charades\/mots-caches\/\" class=\"more-link\">Continuer la lecture de <span class=\"screen-reader-text\">Mots cach\u00e9s<\/span><\/a><\/p>\n","protected":false},"author":1,"featured_media":3582,"parent":0,"menu_order":0,"comment_status":"closed","ping_status":"closed","template":"","meta":[],"yoast_head":"<!-- This site is optimized with the Yoast SEO plugin v17.9 - https:\/\/yoast.com\/wordpress\/plugins\/seo\/ -->\n<title>Mots cach\u00e9s - Jeux \u00e0 imprimer pour enfants, gratuits.<\/title>\n<meta name=\"description\" content=\"Jeux de mots cach\u00e9s gratuits \u00e0 imprimer pour enfants : P\u00e2ques, Halloween, animaux, vacances. Grilles ludiques, pour apprendre en s\u2019amusant.\" \/>\n<meta name=\"robots\" content=\"index, follow, max-snippet:-1, max-image-preview:large, max-video-preview:-1\" \/>\n<link rel=\"canonical\" href=\"https:\/\/pour-enfants.fr\/charades\/mots-caches\/\" \/>\n<meta property=\"og:locale\" content=\"fr_FR\" \/>\n<meta property=\"og:type\" content=\"article\" \/>\n<meta property=\"og:title\" content=\"Mots cach\u00e9s - Jeux \u00e0 imprimer pour enfants, gratuits.\" \/>\n<meta property=\"og:description\" content=\"Jeux de mots cach\u00e9s gratuits \u00e0 imprimer pour enfants : P\u00e2ques, Halloween, animaux, vacances. Grilles ludiques, pour apprendre en s\u2019amusant.\" \/>\n<meta property=\"og:url\" content=\"https:\/\/pour-enfants.fr\/charades\/mots-caches\/\" \/>\n<meta property=\"og:site_name\" content=\"Charades, mots cach\u00e9s, jeux, devinettes, pour enfants.\" \/>\n<meta property=\"article:modified_time\" content=\"2025-06-26T11:41:14+00:00\" \/>\n<meta property=\"og:image\" content=\"https:\/\/pour-enfants.fr\/charades\/wp-content\/uploads\/2025\/06\/mots-caches.png\" \/>\n\t<meta property=\"og:image:width\" content=\"800\" \/>\n\t<meta property=\"og:image:height\" content=\"335\" \/>\n\t<meta property=\"og:image:type\" content=\"image\/png\" \/>\n<meta name=\"twitter:card\" content=\"summary\" \/>\n<meta name=\"twitter:label1\" content=\"Dur\u00e9e de lecture estim\u00e9e\" \/>\n\t<meta name=\"twitter:data1\" content=\"3 minutes\" \/>\n<script type=\"application\/ld+json\" class=\"yoast-schema-graph\">{\"@context\":\"https:\/\/schema.org\",\"@graph\":[{\"@type\":\"WebSite\",\"@id\":\"https:\/\/pour-enfants.fr\/charades\/#website\",\"url\":\"https:\/\/pour-enfants.fr\/charades\/\",\"name\":\"Charades, mots cach\\u00e9s, jeux, devinettes, pour enfants.\",\"description\":\"Activit\\u00e9s \\u00e0 imprimer pour enfants. Maternelle et \\u00e9l\\u00e9mentaire. Cp ce1 ce2 cm1 cm2. Avec l&#039;id\\u00e9e d&#039;apprendre.\",\"potentialAction\":[{\"@type\":\"SearchAction\",\"target\":{\"@type\":\"EntryPoint\",\"urlTemplate\":\"https:\/\/pour-enfants.fr\/charades\/?s={search_term_string}\"},\"query-input\":\"required name=search_term_string\"}],\"inLanguage\":\"fr-FR\"},{\"@type\":\"ImageObject\",\"@id\":\"https:\/\/pour-enfants.fr\/charades\/mots-caches\/#primaryimage\",\"inLanguage\":\"fr-FR\",\"url\":\"https:\/\/pour-enfants.fr\/charades\/wp-content\/uploads\/2025\/06\/mots-caches.png\",\"contentUrl\":\"https:\/\/pour-enfants.fr\/charades\/wp-content\/uploads\/2025\/06\/mots-caches.png\",\"width\":800,\"height\":335,\"caption\":\"Mots cach\\u00e9s\"},{\"@type\":\"WebPage\",\"@id\":\"https:\/\/pour-enfants.fr\/charades\/mots-caches\/#webpage\",\"url\":\"https:\/\/pour-enfants.fr\/charades\/mots-caches\/\",\"name\":\"Mots cach\\u00e9s - Jeux \\u00e0 imprimer pour enfants, gratuits.\",\"isPartOf\":{\"@id\":\"https:\/\/pour-enfants.fr\/charades\/#website\"},\"primaryImageOfPage\":{\"@id\":\"https:\/\/pour-enfants.fr\/charades\/mots-caches\/#primaryimage\"},\"datePublished\":\"2025-06-18T12:23:02+00:00\",\"dateModified\":\"2025-06-26T11:41:14+00:00\",\"description\":\"Jeux de mots cach\\u00e9s gratuits \\u00e0 imprimer pour enfants : P\\u00e2ques, Halloween, animaux, vacances. Grilles ludiques, pour apprendre en s\\u2019amusant.\",\"breadcrumb\":{\"@id\":\"https:\/\/pour-enfants.fr\/charades\/mots-caches\/#breadcrumb\"},\"inLanguage\":\"fr-FR\",\"potentialAction\":[{\"@type\":\"ReadAction\",\"target\":[\"https:\/\/pour-enfants.fr\/charades\/mots-caches\/\"]}]},{\"@type\":\"BreadcrumbList\",\"@id\":\"https:\/\/pour-enfants.fr\/charades\/mots-caches\/#breadcrumb\",\"itemListElement\":[{\"@type\":\"ListItem\",\"position\":1,\"name\":\"Accueil\",\"item\":\"https:\/\/pour-enfants.fr\/charades\/\"},{\"@type\":\"ListItem\",\"position\":2,\"name\":\"Mots cach\\u00e9s\"}]}]}<\/script>\n<!-- \/ Yoast SEO plugin. -->","yoast_head_json":{"title":"Mots cach\u00e9s - Jeux \u00e0 imprimer pour enfants, gratuits.","description":"Jeux de mots cach\u00e9s gratuits \u00e0 imprimer pour enfants : P\u00e2ques, Halloween, animaux, vacances. Grilles ludiques, pour apprendre en s\u2019amusant.","robots":{"index":"index","follow":"follow","max-snippet":"max-snippet:-1","max-image-preview":"max-image-preview:large","max-video-preview":"max-video-preview:-1"},"canonical":"https:\/\/pour-enfants.fr\/charades\/mots-caches\/","og_locale":"fr_FR","og_type":"article","og_title":"Mots cach\u00e9s - Jeux \u00e0 imprimer pour enfants, gratuits.","og_description":"Jeux de mots cach\u00e9s gratuits \u00e0 imprimer pour enfants : P\u00e2ques, Halloween, animaux, vacances. Grilles ludiques, pour apprendre en s\u2019amusant.","og_url":"https:\/\/pour-enfants.fr\/charades\/mots-caches\/","og_site_name":"Charades, mots cach\u00e9s, jeux, devinettes, pour enfants.","article_modified_time":"2025-06-26T11:41:14+00:00","og_image":[{"width":800,"height":335,"url":"https:\/\/pour-enfants.fr\/charades\/wp-content\/uploads\/2025\/06\/mots-caches.png","type":"image\/png"}],"twitter_card":"summary","twitter_misc":{"Dur\u00e9e de lecture estim\u00e9e":"3 minutes"},"schema":{"@context":"https:\/\/schema.org","@graph":[{"@type":"WebSite","@id":"https:\/\/pour-enfants.fr\/charades\/#website","url":"https:\/\/pour-enfants.fr\/charades\/","name":"Charades, mots cach\u00e9s, jeux, devinettes, pour enfants.","description":"Activit\u00e9s \u00e0 imprimer pour enfants. Maternelle et \u00e9l\u00e9mentaire. Cp ce1 ce2 cm1 cm2. Avec l&#039;id\u00e9e d&#039;apprendre.","potentialAction":[{"@type":"SearchAction","target":{"@type":"EntryPoint","urlTemplate":"https:\/\/pour-enfants.fr\/charades\/?s={search_term_string}"},"query-input":"required name=search_term_string"}],"inLanguage":"fr-FR"},{"@type":"ImageObject","@id":"https:\/\/pour-enfants.fr\/charades\/mots-caches\/#primaryimage","inLanguage":"fr-FR","url":"https:\/\/pour-enfants.fr\/charades\/wp-content\/uploads\/2025\/06\/mots-caches.png","contentUrl":"https:\/\/pour-enfants.fr\/charades\/wp-content\/uploads\/2025\/06\/mots-caches.png","width":800,"height":335,"caption":"Mots cach\u00e9s"},{"@type":"WebPage","@id":"https:\/\/pour-enfants.fr\/charades\/mots-caches\/#webpage","url":"https:\/\/pour-enfants.fr\/charades\/mots-caches\/","name":"Mots cach\u00e9s - Jeux \u00e0 imprimer pour enfants, gratuits.","isPartOf":{"@id":"https:\/\/pour-enfants.fr\/charades\/#website"},"primaryImageOfPage":{"@id":"https:\/\/pour-enfants.fr\/charades\/mots-caches\/#primaryimage"},"datePublished":"2025-06-18T12:23:02+00:00","dateModified":"2025-06-26T11:41:14+00:00","description":"Jeux de mots cach\u00e9s gratuits \u00e0 imprimer pour enfants : P\u00e2ques, Halloween, animaux, vacances. Grilles ludiques, pour apprendre en s\u2019amusant.","breadcrumb":{"@id":"https:\/\/pour-enfants.fr\/charades\/mots-caches\/#breadcrumb"},"inLanguage":"fr-FR","potentialAction":[{"@type":"ReadAction","target":["https:\/\/pour-enfants.fr\/charades\/mots-caches\/"]}]},{"@type":"BreadcrumbList","@id":"https:\/\/pour-enfants.fr\/charades\/mots-caches\/#breadcrumb","itemListElement":[{"@type":"ListItem","position":1,"name":"Accueil","item":"https:\/\/pour-enfants.fr\/charades\/"},{"@type":"ListItem","position":2,"name":"Mots cach\u00e9s"}]}]}},"_links":{"self":[{"href":"https:\/\/pour-enfants.fr\/charades\/wp-json\/wp\/v2\/pages\/3499"}],"collection":[{"href":"https:\/\/pour-enfants.fr\/charades\/wp-json\/wp\/v2\/pages"}],"about":[{"href":"https:\/\/pour-enfants.fr\/charades\/wp-json\/wp\/v2\/types\/page"}],"author":[{"embeddable":true,"href":"https:\/\/pour-enfants.fr\/charades\/wp-json\/wp\/v2\/users\/1"}],"replies":[{"embeddable":true,"href":"https:\/\/pour-enfants.fr\/charades\/wp-json\/wp\/v2\/comments?post=3499"}],"version-history":[{"count":21,"href":"https:\/\/pour-enfants.fr\/charades\/wp-json\/wp\/v2\/pages\/3499\/revisions"}],"predecessor-version":[{"id":3680,"href":"https:\/\/pour-enfants.fr\/charades\/wp-json\/wp\/v2\/pages\/3499\/revisions\/3680"}],"wp:featuredmedia":[{"embeddable":true,"href":"https:\/\/pour-enfants.fr\/charades\/wp-json\/wp\/v2\/media\/3582"}],"wp:attachment":[{"href":"https:\/\/pour-enfants.fr\/charades\/wp-json\/wp\/v2\/media?parent=3499"}],"curies":[{"name":"wp","href":"https:\/\/api.w.org\/{rel}","templated":true}]}}