{"id":3555,"date":"2025-06-21T09:31:46","date_gmt":"2025-06-21T07:31:46","guid":{"rendered":"https:\/\/pour-enfants.fr\/charades\/?page_id=3555"},"modified":"2025-06-21T09:38:47","modified_gmt":"2025-06-21T07:38:47","slug":"mots-caches-vacances-enfants-a-imprimer","status":"publish","type":"page","link":"https:\/\/pour-enfants.fr\/charades\/mots-caches\/vacances\/","title":{"rendered":"Mots cach\u00e9s de vacances \u00e0 imprimer. Pour enfants."},"content":{"rendered":"<p><strong>Bienvenue dans notre collection de mots cach\u00e9s de vacances pour enfants<\/strong><\/p>\n<p>Ces jeux amusants \u00e0 imprimer sont parfaits pour occuper les enfants pendant les grandes vacances, les week-ends ou les voyages. Chaque grille propose des mots \u00e0 retrouver en lien avec la plage, la mer, l&#8217;\u00e9t\u00e9, les voyages,\u00a0 ou les loisirs.<\/p>\n<p>Les activit\u00e9s sont gratuites, adapt\u00e9es aux enfants du CP au CM2, avec des <strong>solutions disponibles<\/strong> pour chaque grille.<\/p>\n<p><strong>Clique sur une grille pour la d\u00e9couvrir&#160;!<\/strong><\/p>\n<h2>Grilles \u00e0 imprimer sur le th\u00e8me des vacances<\/h2>\n<p>On peut passer ses vacances d&#8217;\u00e9t\u00e9 \u00e0 la mer, \u00e0 la campagne ou \u00e0 la montagne. Pensez \u00e0 imprimer des jeux pour les enfants, en cas de pluie par exemple.<\/p>\n<h2>Mots cach\u00e9s de vacances enfants&#160;: campagne, montagne ou plage&#160;?<\/h2>\n<figure id=\"attachment_1845\" aria-describedby=\"caption-attachment-1845\" style=\"width: 299px\" class=\"wp-caption aligncenter\"><a href=\"https:\/\/pour-enfants.fr\/charades\/wp-content\/uploads\/2020\/06\/mots-meles-vacances-10.png\"><img loading=\"lazy\" class=\" wp-image-1845\" src=\"https:\/\/pour-enfants.fr\/charades\/wp-content\/uploads\/2020\/06\/mots-meles-vacances-10.png\" alt=\"Mots cach\u00e9s de vacances \u00e0 imprimer.\" width=\"299\" height=\"790\" \/><\/a><figcaption id=\"caption-attachment-1845\" class=\"wp-caption-text\">Mots cach\u00e9s sur les vacances. 12 mots comme montagne campagne jeux<\/figcaption><\/figure>\n<figure id=\"attachment_1846\" aria-describedby=\"caption-attachment-1846\" style=\"width: 212px\" class=\"wp-caption aligncenter\"><a href=\"https:\/\/pour-enfants.fr\/charades\/wp-content\/uploads\/2020\/06\/mots-meles-vacances-correction-10.png\"><img loading=\"lazy\" class=\"size-medium wp-image-1846\" src=\"https:\/\/pour-enfants.fr\/charades\/wp-content\/uploads\/2020\/06\/mots-meles-vacances-correction-10-212x300.png\" alt=\"Mots cach\u00e9s de vacances \u00e0 imprimer. Solution.\" width=\"212\" height=\"300\" srcset=\"https:\/\/pour-enfants.fr\/charades\/wp-content\/uploads\/2020\/06\/mots-meles-vacances-correction-10-212x300.png 212w, https:\/\/pour-enfants.fr\/charades\/wp-content\/uploads\/2020\/06\/mots-meles-vacances-correction-10.png 600w\" sizes=\"(max-width: 212px) 100vw, 212px\" \/><\/a><figcaption id=\"caption-attachment-1846\" class=\"wp-caption-text\">Solution \u00e0 imprimer. Les vacances.<\/figcaption><\/figure>\n<h2>Vacances \u00e0 la mer<\/h2>\n<figure id=\"attachment_1858\" aria-describedby=\"caption-attachment-1858\" style=\"width: 300px\" class=\"wp-caption aligncenter\"><a href=\"https:\/\/pour-enfants.fr\/charades\/wp-content\/uploads\/2020\/06\/mots-meles-mer-0.png\"><img loading=\"lazy\" class=\" wp-image-1858\" src=\"https:\/\/pour-enfants.fr\/charades\/wp-content\/uploads\/2020\/06\/mots-meles-mer-0.png\" alt=\"Mots cach\u00e9s vacances \u00e0 la mer\" width=\"300\" height=\"660\" \/><\/a><figcaption id=\"caption-attachment-1858\" class=\"wp-caption-text\">\u00c0 la mer. 16 mots \u00e0 trouver sur les vacances d&#8217;\u00e9t\u00e9.<\/figcaption><\/figure>\n<figure id=\"attachment_1859\" aria-describedby=\"caption-attachment-1859\" style=\"width: 212px\" class=\"wp-caption aligncenter\"><a href=\"https:\/\/pour-enfants.fr\/charades\/wp-content\/uploads\/2020\/06\/mots-meles-mer-solution-0.png\"><img loading=\"lazy\" class=\"size-medium wp-image-1859\" src=\"https:\/\/pour-enfants.fr\/charades\/wp-content\/uploads\/2020\/06\/mots-meles-mer-solution-0-212x300.png\" alt=\"Mots cach\u00e9s vacances \u00e0 la mer. Solution.\" width=\"212\" height=\"300\" srcset=\"https:\/\/pour-enfants.fr\/charades\/wp-content\/uploads\/2020\/06\/mots-meles-mer-solution-0-212x300.png 212w, https:\/\/pour-enfants.fr\/charades\/wp-content\/uploads\/2020\/06\/mots-meles-mer-solution-0.png 600w\" sizes=\"(max-width: 212px) 100vw, 212px\" \/><\/a><figcaption id=\"caption-attachment-1859\" class=\"wp-caption-text\">A la mer. Solution.<\/figcaption><\/figure>\n<h2>Vacances au soleil<\/h2>\n<figure id=\"attachment_1851\" aria-describedby=\"caption-attachment-1851\" style=\"width: 299px\" class=\"wp-caption aligncenter\"><a href=\"https:\/\/pour-enfants.fr\/charades\/wp-content\/uploads\/2020\/06\/mots-meles-soleil-0.png\"><img loading=\"lazy\" class=\" wp-image-1851\" src=\"https:\/\/pour-enfants.fr\/charades\/wp-content\/uploads\/2020\/06\/mots-meles-soleil-0.png\" alt=\"Mots cach\u00e9s de vacances sur le soleil, pour les vacances d'\u00e9t\u00e9.\" width=\"299\" height=\"672\" \/><\/a><figcaption id=\"caption-attachment-1851\" class=\"wp-caption-text\">Mots cach\u00e9s sur le soleil<\/figcaption><\/figure>\n<p>En \u00e9t\u00e9 on peut passer ses vacances au soleil, en camping. Attention \u00e0 la chaleur et aux coups de soleil&#160;! Quand vous faites des jeux avec les enfants, pensez \u00e0 les prot\u00e9ger des rayons.<\/p>\n<figure id=\"attachment_1854\" aria-describedby=\"caption-attachment-1854\" style=\"width: 212px\" class=\"wp-caption aligncenter\"><a href=\"https:\/\/pour-enfants.fr\/charades\/wp-content\/uploads\/2020\/06\/mots-meles-soleil-correction-0.png\"><img loading=\"lazy\" class=\"size-medium wp-image-1854\" src=\"https:\/\/pour-enfants.fr\/charades\/wp-content\/uploads\/2020\/06\/mots-meles-soleil-correction-0-212x300.png\" alt=\"Mots cach\u00e9s sur le soleil. Solution.\" width=\"212\" height=\"300\" srcset=\"https:\/\/pour-enfants.fr\/charades\/wp-content\/uploads\/2020\/06\/mots-meles-soleil-correction-0-212x300.png 212w, https:\/\/pour-enfants.fr\/charades\/wp-content\/uploads\/2020\/06\/mots-meles-soleil-correction-0.png 600w\" sizes=\"(max-width: 212px) 100vw, 212px\" \/><\/a><figcaption id=\"caption-attachment-1854\" class=\"wp-caption-text\">Le soleil. Solution.<\/figcaption><\/figure>\n<p><strong>Grille tr\u00e8s facile sur l&#8217;\u00e9t\u00e9<\/strong><\/p>\n<figure id=\"attachment_3455\" aria-describedby=\"caption-attachment-3455\" style=\"width: 212px\" class=\"wp-caption aligncenter\"><a href=\"https:\/\/pour-enfants.fr\/charades\/wp-content\/uploads\/2025\/06\/mots-caches-cp-1.png\"><img loading=\"lazy\" class=\"size-medium wp-image-3455\" src=\"https:\/\/pour-enfants.fr\/charades\/wp-content\/uploads\/2025\/06\/mots-caches-cp-1-212x300.png\" alt=\"Grille facile vacances d'\u00e9t\u00e9\" width=\"212\" height=\"300\" srcset=\"https:\/\/pour-enfants.fr\/charades\/wp-content\/uploads\/2025\/06\/mots-caches-cp-1-212x300.png 212w, https:\/\/pour-enfants.fr\/charades\/wp-content\/uploads\/2025\/06\/mots-caches-cp-1-700x990.png 700w, https:\/\/pour-enfants.fr\/charades\/wp-content\/uploads\/2025\/06\/mots-caches-cp-1-768x1086.png 768w, https:\/\/pour-enfants.fr\/charades\/wp-content\/uploads\/2025\/06\/mots-caches-cp-1-1086x1536.png 1086w, https:\/\/pour-enfants.fr\/charades\/wp-content\/uploads\/2025\/06\/mots-caches-cp-1.png 1414w\" sizes=\"(max-width: 212px) 100vw, 212px\" \/><\/a><figcaption id=\"caption-attachment-3455\" class=\"wp-caption-text\">5 mots \u00e0 trouver&#160;: soleil, glace, ballon, \u00e9t\u00e9, bou\u00e9e.<\/figcaption><\/figure>\n<h2>Liens vers d&#8217;autres jeux de mots cach\u00e9s \u00e0 imprimer pour enfants<\/h2>\n<p><a href=\"https:\/\/pour-enfants.fr\/charades\/mots-caches\/\">Mots caches<\/a> &gt; <a href=\"https:\/\/pour-enfants.fr\/charades\/mots-caches\/fleurs\/\">Mots cach\u00e9s fleurs<\/a><\/p>\n<p><a href=\"https:\/\/www.pour-enfants.fr\/jeux-a-imprimer\/mots\/meles\/meles.htm\" target=\"_blank\" rel=\"noopener\">Mots cach\u00e9s \u00e0 imprimer enfants<\/a><\/p>\n<p>Cette page du site <a href=\"https:\/\/www.pour-enfants.fr\/\" target=\"_blank\" rel=\"noopener\">Pour-enfants.fr<\/a> te donne acc\u00e8s \u00e0 une belle collections de grilles de mots cach\u00e9s&#160;: les vacances, les animaux de la ferme, les animaux sauvages, P\u00e2ques, Halloween, No\u00ebl. C&#8217;est gratuit, profite pour faire une belle moisson&#160;!<\/p>\n","protected":false},"excerpt":{"rendered":"<p>Bienvenue dans notre collection de mots cach\u00e9s de vacances pour enfants Ces jeux amusants \u00e0 imprimer sont parfaits pour occuper les enfants pendant les grandes vacances, les week-ends ou les voyages. Chaque grille propose des mots \u00e0 retrouver en lien avec la plage, la mer, l&#8217;\u00e9t\u00e9, les voyages,\u00a0 ou les loisirs. Les activit\u00e9s sont gratuites, &hellip; <a href=\"https:\/\/pour-enfants.fr\/charades\/mots-caches\/vacances\/\" class=\"more-link\">Continuer la lecture de <span class=\"screen-reader-text\">Mots cach\u00e9s de vacances \u00e0 imprimer. Pour enfants.<\/span><\/a><\/p>\n","protected":false},"author":1,"featured_media":3581,"parent":3499,"menu_order":0,"comment_status":"closed","ping_status":"closed","template":"","meta":[],"yoast_head":"<!-- This site is optimized with the Yoast SEO plugin v17.9 - https:\/\/yoast.com\/wordpress\/plugins\/seo\/ -->\n<title>Mots cach\u00e9s vacances enfants \u00e0 imprimer \u2013 Jeux gratuits<\/title>\n<meta name=\"description\" content=\"Jeux de mots cach\u00e9s \u00e0 imprimer sur le th\u00e8me des vacances pour enfants. Grilles gratuites avec solutions, id\u00e9ales pour l\u2019\u00e9t\u00e9.\" \/>\n<meta name=\"robots\" content=\"index, follow, max-snippet:-1, max-image-preview:large, max-video-preview:-1\" \/>\n<link rel=\"canonical\" href=\"https:\/\/pour-enfants.fr\/charades\/mots-caches\/vacances\/\" \/>\n<meta property=\"og:locale\" content=\"fr_FR\" \/>\n<meta property=\"og:type\" content=\"article\" \/>\n<meta property=\"og:title\" content=\"Mots cach\u00e9s vacances enfants \u00e0 imprimer \u2013 Jeux gratuits\" \/>\n<meta property=\"og:description\" content=\"Jeux de mots cach\u00e9s \u00e0 imprimer sur le th\u00e8me des vacances pour enfants. Grilles gratuites avec solutions, id\u00e9ales pour l\u2019\u00e9t\u00e9.\" \/>\n<meta property=\"og:url\" content=\"https:\/\/pour-enfants.fr\/charades\/mots-caches\/vacances\/\" \/>\n<meta property=\"og:site_name\" content=\"Charades, mots cach\u00e9s, jeux, devinettes, pour enfants.\" \/>\n<meta property=\"article:modified_time\" content=\"2025-06-21T07:38:47+00:00\" \/>\n<meta property=\"og:image\" content=\"https:\/\/pour-enfants.fr\/charades\/wp-content\/uploads\/2025\/06\/mots-caches-vacances-e1750491460819.png\" \/>\n\t<meta property=\"og:image:width\" content=\"300\" \/>\n\t<meta property=\"og:image:height\" content=\"217\" \/>\n\t<meta property=\"og:image:type\" content=\"image\/png\" \/>\n<meta name=\"twitter:card\" content=\"summary\" \/>\n<meta name=\"twitter:label1\" content=\"Dur\u00e9e de lecture estim\u00e9e\" \/>\n\t<meta name=\"twitter:data1\" content=\"3 minutes\" \/>\n<script type=\"application\/ld+json\" class=\"yoast-schema-graph\">{\"@context\":\"https:\/\/schema.org\",\"@graph\":[{\"@type\":\"WebSite\",\"@id\":\"https:\/\/pour-enfants.fr\/charades\/#website\",\"url\":\"https:\/\/pour-enfants.fr\/charades\/\",\"name\":\"Charades, mots cach\\u00e9s, jeux, devinettes, pour enfants.\",\"description\":\"Activit\\u00e9s \\u00e0 imprimer pour enfants. Maternelle et \\u00e9l\\u00e9mentaire. Cp ce1 ce2 cm1 cm2. Avec l&#039;id\\u00e9e d&#039;apprendre.\",\"potentialAction\":[{\"@type\":\"SearchAction\",\"target\":{\"@type\":\"EntryPoint\",\"urlTemplate\":\"https:\/\/pour-enfants.fr\/charades\/?s={search_term_string}\"},\"query-input\":\"required name=search_term_string\"}],\"inLanguage\":\"fr-FR\"},{\"@type\":\"ImageObject\",\"@id\":\"https:\/\/pour-enfants.fr\/charades\/mots-caches\/vacances\/#primaryimage\",\"inLanguage\":\"fr-FR\",\"url\":\"https:\/\/pour-enfants.fr\/charades\/wp-content\/uploads\/2025\/06\/mots-caches-vacances-e1750491460819.png\",\"contentUrl\":\"https:\/\/pour-enfants.fr\/charades\/wp-content\/uploads\/2025\/06\/mots-caches-vacances-e1750491460819.png\",\"width\":300,\"height\":217,\"caption\":\"Mots cach\\u00e9s vacances\"},{\"@type\":\"WebPage\",\"@id\":\"https:\/\/pour-enfants.fr\/charades\/mots-caches\/vacances\/#webpage\",\"url\":\"https:\/\/pour-enfants.fr\/charades\/mots-caches\/vacances\/\",\"name\":\"Mots cach\\u00e9s vacances enfants \\u00e0 imprimer \\u2013 Jeux gratuits\",\"isPartOf\":{\"@id\":\"https:\/\/pour-enfants.fr\/charades\/#website\"},\"primaryImageOfPage\":{\"@id\":\"https:\/\/pour-enfants.fr\/charades\/mots-caches\/vacances\/#primaryimage\"},\"datePublished\":\"2025-06-21T07:31:46+00:00\",\"dateModified\":\"2025-06-21T07:38:47+00:00\",\"description\":\"Jeux de mots cach\\u00e9s \\u00e0 imprimer sur le th\\u00e8me des vacances pour enfants. Grilles gratuites avec solutions, id\\u00e9ales pour l\\u2019\\u00e9t\\u00e9.\",\"breadcrumb\":{\"@id\":\"https:\/\/pour-enfants.fr\/charades\/mots-caches\/vacances\/#breadcrumb\"},\"inLanguage\":\"fr-FR\",\"potentialAction\":[{\"@type\":\"ReadAction\",\"target\":[\"https:\/\/pour-enfants.fr\/charades\/mots-caches\/vacances\/\"]}]},{\"@type\":\"BreadcrumbList\",\"@id\":\"https:\/\/pour-enfants.fr\/charades\/mots-caches\/vacances\/#breadcrumb\",\"itemListElement\":[{\"@type\":\"ListItem\",\"position\":1,\"name\":\"Accueil\",\"item\":\"https:\/\/pour-enfants.fr\/charades\/\"},{\"@type\":\"ListItem\",\"position\":2,\"name\":\"Mots cach\\u00e9s\",\"item\":\"https:\/\/pour-enfants.fr\/charades\/mots-caches\/\"},{\"@type\":\"ListItem\",\"position\":3,\"name\":\"Mots cach\\u00e9s de vacances \\u00e0 imprimer. Pour enfants.\"}]}]}<\/script>\n<!-- \/ Yoast SEO plugin. -->","yoast_head_json":{"title":"Mots cach\u00e9s vacances enfants \u00e0 imprimer \u2013 Jeux gratuits","description":"Jeux de mots cach\u00e9s \u00e0 imprimer sur le th\u00e8me des vacances pour enfants. Grilles gratuites avec solutions, id\u00e9ales pour l\u2019\u00e9t\u00e9.","robots":{"index":"index","follow":"follow","max-snippet":"max-snippet:-1","max-image-preview":"max-image-preview:large","max-video-preview":"max-video-preview:-1"},"canonical":"https:\/\/pour-enfants.fr\/charades\/mots-caches\/vacances\/","og_locale":"fr_FR","og_type":"article","og_title":"Mots cach\u00e9s vacances enfants \u00e0 imprimer \u2013 Jeux gratuits","og_description":"Jeux de mots cach\u00e9s \u00e0 imprimer sur le th\u00e8me des vacances pour enfants. Grilles gratuites avec solutions, id\u00e9ales pour l\u2019\u00e9t\u00e9.","og_url":"https:\/\/pour-enfants.fr\/charades\/mots-caches\/vacances\/","og_site_name":"Charades, mots cach\u00e9s, jeux, devinettes, pour enfants.","article_modified_time":"2025-06-21T07:38:47+00:00","og_image":[{"width":300,"height":217,"url":"https:\/\/pour-enfants.fr\/charades\/wp-content\/uploads\/2025\/06\/mots-caches-vacances-e1750491460819.png","type":"image\/png"}],"twitter_card":"summary","twitter_misc":{"Dur\u00e9e de lecture estim\u00e9e":"3 minutes"},"schema":{"@context":"https:\/\/schema.org","@graph":[{"@type":"WebSite","@id":"https:\/\/pour-enfants.fr\/charades\/#website","url":"https:\/\/pour-enfants.fr\/charades\/","name":"Charades, mots cach\u00e9s, jeux, devinettes, pour enfants.","description":"Activit\u00e9s \u00e0 imprimer pour enfants. Maternelle et \u00e9l\u00e9mentaire. Cp ce1 ce2 cm1 cm2. Avec l&#039;id\u00e9e d&#039;apprendre.","potentialAction":[{"@type":"SearchAction","target":{"@type":"EntryPoint","urlTemplate":"https:\/\/pour-enfants.fr\/charades\/?s={search_term_string}"},"query-input":"required name=search_term_string"}],"inLanguage":"fr-FR"},{"@type":"ImageObject","@id":"https:\/\/pour-enfants.fr\/charades\/mots-caches\/vacances\/#primaryimage","inLanguage":"fr-FR","url":"https:\/\/pour-enfants.fr\/charades\/wp-content\/uploads\/2025\/06\/mots-caches-vacances-e1750491460819.png","contentUrl":"https:\/\/pour-enfants.fr\/charades\/wp-content\/uploads\/2025\/06\/mots-caches-vacances-e1750491460819.png","width":300,"height":217,"caption":"Mots cach\u00e9s vacances"},{"@type":"WebPage","@id":"https:\/\/pour-enfants.fr\/charades\/mots-caches\/vacances\/#webpage","url":"https:\/\/pour-enfants.fr\/charades\/mots-caches\/vacances\/","name":"Mots cach\u00e9s vacances enfants \u00e0 imprimer \u2013 Jeux gratuits","isPartOf":{"@id":"https:\/\/pour-enfants.fr\/charades\/#website"},"primaryImageOfPage":{"@id":"https:\/\/pour-enfants.fr\/charades\/mots-caches\/vacances\/#primaryimage"},"datePublished":"2025-06-21T07:31:46+00:00","dateModified":"2025-06-21T07:38:47+00:00","description":"Jeux de mots cach\u00e9s \u00e0 imprimer sur le th\u00e8me des vacances pour enfants. Grilles gratuites avec solutions, id\u00e9ales pour l\u2019\u00e9t\u00e9.","breadcrumb":{"@id":"https:\/\/pour-enfants.fr\/charades\/mots-caches\/vacances\/#breadcrumb"},"inLanguage":"fr-FR","potentialAction":[{"@type":"ReadAction","target":["https:\/\/pour-enfants.fr\/charades\/mots-caches\/vacances\/"]}]},{"@type":"BreadcrumbList","@id":"https:\/\/pour-enfants.fr\/charades\/mots-caches\/vacances\/#breadcrumb","itemListElement":[{"@type":"ListItem","position":1,"name":"Accueil","item":"https:\/\/pour-enfants.fr\/charades\/"},{"@type":"ListItem","position":2,"name":"Mots cach\u00e9s","item":"https:\/\/pour-enfants.fr\/charades\/mots-caches\/"},{"@type":"ListItem","position":3,"name":"Mots cach\u00e9s de vacances \u00e0 imprimer. Pour enfants."}]}]}},"_links":{"self":[{"href":"https:\/\/pour-enfants.fr\/charades\/wp-json\/wp\/v2\/pages\/3555"}],"collection":[{"href":"https:\/\/pour-enfants.fr\/charades\/wp-json\/wp\/v2\/pages"}],"about":[{"href":"https:\/\/pour-enfants.fr\/charades\/wp-json\/wp\/v2\/types\/page"}],"author":[{"embeddable":true,"href":"https:\/\/pour-enfants.fr\/charades\/wp-json\/wp\/v2\/users\/1"}],"replies":[{"embeddable":true,"href":"https:\/\/pour-enfants.fr\/charades\/wp-json\/wp\/v2\/comments?post=3555"}],"version-history":[{"count":14,"href":"https:\/\/pour-enfants.fr\/charades\/wp-json\/wp\/v2\/pages\/3555\/revisions"}],"predecessor-version":[{"id":3580,"href":"https:\/\/pour-enfants.fr\/charades\/wp-json\/wp\/v2\/pages\/3555\/revisions\/3580"}],"up":[{"embeddable":true,"href":"https:\/\/pour-enfants.fr\/charades\/wp-json\/wp\/v2\/pages\/3499"}],"wp:featuredmedia":[{"embeddable":true,"href":"https:\/\/pour-enfants.fr\/charades\/wp-json\/wp\/v2\/media\/3581"}],"wp:attachment":[{"href":"https:\/\/pour-enfants.fr\/charades\/wp-json\/wp\/v2\/media?parent=3555"}],"curies":[{"name":"wp","href":"https:\/\/api.w.org\/{rel}","templated":true}]}}