{"id":47,"date":"2014-08-26T16:50:46","date_gmt":"2014-08-26T14:50:46","guid":{"rendered":"http:\/\/pour-enfants.fr\/charades\/?page_id=47"},"modified":"2025-06-19T16:39:49","modified_gmt":"2025-06-19T14:39:49","slug":"almanach-de-charades-par-un-solitaire","status":"publish","type":"page","link":"https:\/\/pour-enfants.fr\/charades\/almanach-de-charades-par-un-solitaire\/","title":{"rendered":"Almanach de Charades, par un solitaire. Pr\u00e9sentation et extraits."},"content":{"rendered":"<p>L&#8217;Almanach de Charades, par un solitaire, est un recueil de charades qui date de 1788. Ce qui nous montre bien \u00e0 quel point le jeu de charades a pu \u00eatre populaire. Je vous propose de red\u00e9couvrir ces charades du temps pass\u00e9, qui gardent encore tout leur charme aujourd&#8217;hui.<\/p>\n<p>Plongez avec moi dans l&#8217;univers des charades du temps pass\u00e9&#160;!<\/p>\n<figure id=\"attachment_32\" aria-describedby=\"caption-attachment-32\" style=\"width: 374px\" class=\"wp-caption aligncenter\"><a href=\"https:\/\/pour-enfants.fr\/charades\/wp-content\/uploads\/2014\/05\/jeux-de-charades-du-passe.png\"><img loading=\"lazy\" class=\"wp-image-32\" title=\"Almanach de charades d'autrefois. Charades anciennes.\" src=\"https:\/\/pour-enfants.fr\/charades\/wp-content\/uploads\/2014\/05\/jeux-de-charades-du-passe.png\" alt=\"Almanach de charades d'autrefois. Charades anciennes.\" width=\"374\" height=\"600\" \/><\/a><figcaption id=\"caption-attachment-32\" class=\"wp-caption-text\">L&#8217;Almanach de Charades, par un solitaire. Charades du temps pass\u00e9.<\/figcaption><\/figure>\n<p>C&#8217;est ma plus ancienne d\u00e9couverte dans le domaine des charades d&#8217;autrefois. Ce livre de charades date de 1788.<\/p>\n<p><a href=\"https:\/\/www.pour-enfants.fr\/jeux-vacances\/charades\/charades-vacances1.htm\" target=\"_blank\" rel=\"noopener\">Charades \u00e0 imprimer modernes<\/a><\/p>\n","protected":false},"excerpt":{"rendered":"<p>L&#8217;Almanach de Charades, par un solitaire, est un recueil de charades qui date de 1788. Ce qui nous montre bien \u00e0 quel point le jeu de charades a pu \u00eatre populaire. Je vous propose de red\u00e9couvrir ces charades du temps pass\u00e9, qui gardent encore tout leur charme aujourd&#8217;hui. Plongez avec moi dans l&#8217;univers des charades &hellip; <a href=\"https:\/\/pour-enfants.fr\/charades\/almanach-de-charades-par-un-solitaire\/\" class=\"more-link\">Continuer la lecture de <span class=\"screen-reader-text\">Almanach de Charades, par un solitaire. Pr\u00e9sentation et extraits.<\/span><\/a><\/p>\n","protected":false},"author":1,"featured_media":0,"parent":0,"menu_order":0,"comment_status":"closed","ping_status":"closed","template":"","meta":[],"yoast_head":"<!-- This site is optimized with the Yoast SEO plugin v17.9 - https:\/\/yoast.com\/wordpress\/plugins\/seo\/ -->\n<title>Almanach de Charades, par un solitaire. Pr\u00e9sentation et extraits.<\/title>\n<meta name=\"description\" content=\"L&#039;Almanach de Charades, par un solitaire, est un recueil de charades qui date de 1788. En voici quelques extraits.\" \/>\n<meta name=\"robots\" content=\"index, follow, max-snippet:-1, max-image-preview:large, max-video-preview:-1\" \/>\n<link rel=\"canonical\" href=\"https:\/\/pour-enfants.fr\/charades\/almanach-de-charades-par-un-solitaire\/\" \/>\n<meta property=\"og:locale\" content=\"fr_FR\" \/>\n<meta property=\"og:type\" content=\"article\" \/>\n<meta property=\"og:title\" content=\"Almanach de Charades, par un solitaire. Pr\u00e9sentation et extraits.\" \/>\n<meta property=\"og:description\" content=\"L&#039;Almanach de Charades, par un solitaire, est un recueil de charades qui date de 1788. En voici quelques extraits.\" \/>\n<meta property=\"og:url\" content=\"https:\/\/pour-enfants.fr\/charades\/almanach-de-charades-par-un-solitaire\/\" \/>\n<meta property=\"og:site_name\" content=\"Charades, mots cach\u00e9s, jeux, devinettes, pour enfants.\" \/>\n<meta property=\"article:modified_time\" content=\"2025-06-19T14:39:49+00:00\" \/>\n<meta property=\"og:image\" content=\"http:\/\/pour-enfants.fr\/charades\/wp-content\/uploads\/2014\/05\/jeux-de-charades-du-passe.png\" \/>\n<meta name=\"twitter:card\" content=\"summary\" \/>\n<script type=\"application\/ld+json\" class=\"yoast-schema-graph\">{\"@context\":\"https:\/\/schema.org\",\"@graph\":[{\"@type\":\"WebSite\",\"@id\":\"https:\/\/pour-enfants.fr\/charades\/#website\",\"url\":\"https:\/\/pour-enfants.fr\/charades\/\",\"name\":\"Charades, mots cach\\u00e9s, jeux, devinettes, pour enfants.\",\"description\":\"Activit\\u00e9s \\u00e0 imprimer pour enfants. Maternelle et \\u00e9l\\u00e9mentaire. Cp ce1 ce2 cm1 cm2. Avec l&#039;id\\u00e9e d&#039;apprendre.\",\"potentialAction\":[{\"@type\":\"SearchAction\",\"target\":{\"@type\":\"EntryPoint\",\"urlTemplate\":\"https:\/\/pour-enfants.fr\/charades\/?s={search_term_string}\"},\"query-input\":\"required name=search_term_string\"}],\"inLanguage\":\"fr-FR\"},{\"@type\":\"ImageObject\",\"@id\":\"https:\/\/pour-enfants.fr\/charades\/almanach-de-charades-par-un-solitaire\/#primaryimage\",\"inLanguage\":\"fr-FR\",\"url\":\"http:\/\/pour-enfants.fr\/charades\/wp-content\/uploads\/2014\/05\/jeux-de-charades-du-passe.png\",\"contentUrl\":\"http:\/\/pour-enfants.fr\/charades\/wp-content\/uploads\/2014\/05\/jeux-de-charades-du-passe.png\"},{\"@type\":\"WebPage\",\"@id\":\"https:\/\/pour-enfants.fr\/charades\/almanach-de-charades-par-un-solitaire\/#webpage\",\"url\":\"https:\/\/pour-enfants.fr\/charades\/almanach-de-charades-par-un-solitaire\/\",\"name\":\"Almanach de Charades, par un solitaire. Pr\\u00e9sentation et extraits.\",\"isPartOf\":{\"@id\":\"https:\/\/pour-enfants.fr\/charades\/#website\"},\"primaryImageOfPage\":{\"@id\":\"https:\/\/pour-enfants.fr\/charades\/almanach-de-charades-par-un-solitaire\/#primaryimage\"},\"datePublished\":\"2014-08-26T14:50:46+00:00\",\"dateModified\":\"2025-06-19T14:39:49+00:00\",\"description\":\"L'Almanach de Charades, par un solitaire, est un recueil de charades qui date de 1788. En voici quelques extraits.\",\"breadcrumb\":{\"@id\":\"https:\/\/pour-enfants.fr\/charades\/almanach-de-charades-par-un-solitaire\/#breadcrumb\"},\"inLanguage\":\"fr-FR\",\"potentialAction\":[{\"@type\":\"ReadAction\",\"target\":[\"https:\/\/pour-enfants.fr\/charades\/almanach-de-charades-par-un-solitaire\/\"]}]},{\"@type\":\"BreadcrumbList\",\"@id\":\"https:\/\/pour-enfants.fr\/charades\/almanach-de-charades-par-un-solitaire\/#breadcrumb\",\"itemListElement\":[{\"@type\":\"ListItem\",\"position\":1,\"name\":\"Accueil\",\"item\":\"https:\/\/pour-enfants.fr\/charades\/\"},{\"@type\":\"ListItem\",\"position\":2,\"name\":\"Almanach de Charades, par un solitaire. Pr\\u00e9sentation et extraits.\"}]}]}<\/script>\n<!-- \/ Yoast SEO plugin. -->","yoast_head_json":{"title":"Almanach de Charades, par un solitaire. Pr\u00e9sentation et extraits.","description":"L'Almanach de Charades, par un solitaire, est un recueil de charades qui date de 1788. En voici quelques extraits.","robots":{"index":"index","follow":"follow","max-snippet":"max-snippet:-1","max-image-preview":"max-image-preview:large","max-video-preview":"max-video-preview:-1"},"canonical":"https:\/\/pour-enfants.fr\/charades\/almanach-de-charades-par-un-solitaire\/","og_locale":"fr_FR","og_type":"article","og_title":"Almanach de Charades, par un solitaire. Pr\u00e9sentation et extraits.","og_description":"L'Almanach de Charades, par un solitaire, est un recueil de charades qui date de 1788. En voici quelques extraits.","og_url":"https:\/\/pour-enfants.fr\/charades\/almanach-de-charades-par-un-solitaire\/","og_site_name":"Charades, mots cach\u00e9s, jeux, devinettes, pour enfants.","article_modified_time":"2025-06-19T14:39:49+00:00","og_image":[{"url":"http:\/\/pour-enfants.fr\/charades\/wp-content\/uploads\/2014\/05\/jeux-de-charades-du-passe.png"}],"twitter_card":"summary","schema":{"@context":"https:\/\/schema.org","@graph":[{"@type":"WebSite","@id":"https:\/\/pour-enfants.fr\/charades\/#website","url":"https:\/\/pour-enfants.fr\/charades\/","name":"Charades, mots cach\u00e9s, jeux, devinettes, pour enfants.","description":"Activit\u00e9s \u00e0 imprimer pour enfants. Maternelle et \u00e9l\u00e9mentaire. Cp ce1 ce2 cm1 cm2. Avec l&#039;id\u00e9e d&#039;apprendre.","potentialAction":[{"@type":"SearchAction","target":{"@type":"EntryPoint","urlTemplate":"https:\/\/pour-enfants.fr\/charades\/?s={search_term_string}"},"query-input":"required name=search_term_string"}],"inLanguage":"fr-FR"},{"@type":"ImageObject","@id":"https:\/\/pour-enfants.fr\/charades\/almanach-de-charades-par-un-solitaire\/#primaryimage","inLanguage":"fr-FR","url":"http:\/\/pour-enfants.fr\/charades\/wp-content\/uploads\/2014\/05\/jeux-de-charades-du-passe.png","contentUrl":"http:\/\/pour-enfants.fr\/charades\/wp-content\/uploads\/2014\/05\/jeux-de-charades-du-passe.png"},{"@type":"WebPage","@id":"https:\/\/pour-enfants.fr\/charades\/almanach-de-charades-par-un-solitaire\/#webpage","url":"https:\/\/pour-enfants.fr\/charades\/almanach-de-charades-par-un-solitaire\/","name":"Almanach de Charades, par un solitaire. Pr\u00e9sentation et extraits.","isPartOf":{"@id":"https:\/\/pour-enfants.fr\/charades\/#website"},"primaryImageOfPage":{"@id":"https:\/\/pour-enfants.fr\/charades\/almanach-de-charades-par-un-solitaire\/#primaryimage"},"datePublished":"2014-08-26T14:50:46+00:00","dateModified":"2025-06-19T14:39:49+00:00","description":"L'Almanach de Charades, par un solitaire, est un recueil de charades qui date de 1788. En voici quelques extraits.","breadcrumb":{"@id":"https:\/\/pour-enfants.fr\/charades\/almanach-de-charades-par-un-solitaire\/#breadcrumb"},"inLanguage":"fr-FR","potentialAction":[{"@type":"ReadAction","target":["https:\/\/pour-enfants.fr\/charades\/almanach-de-charades-par-un-solitaire\/"]}]},{"@type":"BreadcrumbList","@id":"https:\/\/pour-enfants.fr\/charades\/almanach-de-charades-par-un-solitaire\/#breadcrumb","itemListElement":[{"@type":"ListItem","position":1,"name":"Accueil","item":"https:\/\/pour-enfants.fr\/charades\/"},{"@type":"ListItem","position":2,"name":"Almanach de Charades, par un solitaire. Pr\u00e9sentation et extraits."}]}]}},"_links":{"self":[{"href":"https:\/\/pour-enfants.fr\/charades\/wp-json\/wp\/v2\/pages\/47"}],"collection":[{"href":"https:\/\/pour-enfants.fr\/charades\/wp-json\/wp\/v2\/pages"}],"about":[{"href":"https:\/\/pour-enfants.fr\/charades\/wp-json\/wp\/v2\/types\/page"}],"author":[{"embeddable":true,"href":"https:\/\/pour-enfants.fr\/charades\/wp-json\/wp\/v2\/users\/1"}],"replies":[{"embeddable":true,"href":"https:\/\/pour-enfants.fr\/charades\/wp-json\/wp\/v2\/comments?post=47"}],"version-history":[{"count":5,"href":"https:\/\/pour-enfants.fr\/charades\/wp-json\/wp\/v2\/pages\/47\/revisions"}],"predecessor-version":[{"id":3540,"href":"https:\/\/pour-enfants.fr\/charades\/wp-json\/wp\/v2\/pages\/47\/revisions\/3540"}],"wp:attachment":[{"href":"https:\/\/pour-enfants.fr\/charades\/wp-json\/wp\/v2\/media?parent=47"}],"curies":[{"name":"wp","href":"https:\/\/api.w.org\/{rel}","templated":true}]}}